*2 + 6*i + 7. Let b be f(-1). What are the prime factors of d(b)?
139
What are the prime factors of (-9)/(81/(-99)) - -875?
2, 443
List the prime factors of 6/10 - (-764)/10.
7, 11
Let s = 13 + 16. Suppose o - 1 = 3*f - 2*f, 5*f = 2*o + 10. Suppose -o*u + 31 + s = 0. What are the prime factors of u?
2, 3
Suppose -3*a - 998 = -j, a = 2*j - 824 - 1197. List the prime factors of j.
1013
Suppose 28*y - 25127 + 7823 = 0. List the prime factors of y.
2, 3, 103
Suppose 0 = -2*n - 2*p + 6254, 1302 = -3*n - 2*p + 10682. List the prime factors of n.
2, 3, 521
Let c = 881 - 245. Suppose m = -3*m + c. List the prime factors of m.
3, 53
Let y = 263 + -149. List the prime factors of y.
2, 3, 19
Let h(c) = -c**2 + 6*c + 9. Let r be h(7). Suppose -2*s + 30 = 5*y, r*y + 0*y - 3*s + 7 = 0. Suppose -y*a + 3 = -21. What are the prime factors of a?
2, 3
Suppose 0*g = 6*g - 552. List the prime factors of 1/((-2)/(-2 - g)).
47
Let q = -1013 + 1522. Suppose 0 = -4*z - 0*z + n + q, 4*n - 123 = -z. List the prime factors of z.
127
Suppose 0 = 4*l - 4*u - 11076, 0 = 3*l - 3*u + 8*u - 8275. What are the prime factors of l?
5, 7, 79
Suppose -5*x = -200 + 60. Let j be (39/26)/(2/x). Suppose -3*d + 15 = n - 0*n, -n = 5*d - j. List the prime factors of n.
2, 3
Let j be 1 - 46/2*4. Let p = j - 86. List the prime factors of p/(-5) - 4/10.
5, 7
Suppose -2*p = -0*p - 4. Suppose 2*k + 2*v = 3*k + 72, -p*v - 6 = 0. List the prime factors of k/(-4)*6/9.
13
Let n(o) = -o - 24. Let a be n(-24). Suppose -5*c - 3*f + 217 = a, -4*c - 4*f + 7*f + 152 = 0. List the prime factors of c.
41
Let i(r) = r**2 + 8*r. Suppose -v - 3*x - 26 = 3*v, 5*v - x + 42 = 0. Let c be i(v). What are the prime factors of (-31)/(-1) - (c + 1)?
2, 3, 5
List the prime factors of 428 - ((0/(-7))/4)/(-3).
2, 107
Suppose 0 = 4*p - a + 5, -5*p - 2*a - 14 = -p. Let g(t) = t**2 + 6*t - 13. Let u be g(-9). What are the prime factors of ((-6)/7)/(p/u)?
2, 3
Let q = -77 + 825. What are the prime factors of q?
2, 11, 17
Let a = 144 + 748. List the prime factors of a.
2, 223
Let z(f) = f**3 - 11*f**2 - 12*f. Let k be z(12). Suppose 5*c - 98 - 52 = 4*q, k = c - 5*q - 9. Let y = 58 - c. What are the prime factors of y?
2, 3
Let f(x) = x**2 - 37. What are the prime factors of f(16)?
3, 73
Suppose 8*h = 2657 + 2759. List the prime factors of h.
677
List the prime factors of (1950/(-5))/((-6)/3).
3, 5, 13
Let d(r) = r + 11. Suppose 5*w - 15 = 4*v, -2*w + 12 = 2*w - 4*v. What are the prime factors of d(w)?
2, 7
Let s be -2 + 6 + (-264)/(-6). Let v = s - -2. List the prime factors of v.
2, 5
Suppose -3*m - 6 + 0 = 0. Let d be 16 - (0 + m) - -3. Let c = d + 4. What are the prime factors of c?
5
Suppose -14*k + 230880 = 82*k. What are the prime factors of k?
5, 13, 37
Suppose -4*c + 8*c + 1664 = 4*w, -w - 2*c + 425 = 0. What are the prime factors of w?
419
Let r = -67 - -128. Let x = r + 14. Suppose -v = 29 - x. List the prime factors of v.
2, 23
Let z = 3 - -14. Let l = 19 - z. Suppose s - 5*s = 4*u + 4, l*u + 10 = -4*s. List the prime factors of u.
3
Let j(g) = g**3 - 4*g**2 - 6*g - 4. Let n(f) = -f**2 + 5*f + 1. Let k be n(4). Let b be j(k). Let p = 4 - b. What are the prime factors of p?
13
Let b be ((-7)/(-1) - 3)*(-3)/(-6). Suppose 3*f - 81 = -3*n + b*f, -5*n - 3*f + 131 = 0. List the prime factors of n.
2, 7
Let z(i) = i**2 - 4*i + 4. Let s be z(6). Let u = -13 + s. Suppose h = -5*c + 17, 93 = u*h - 3*c + 6. List the prime factors of h.
3
Let v(n) be the third derivative of n**6/60 - n**5/10 + n**4/8 + 3*n**3/2 - 20*n**2. What are the prime factors of v(5)?
2, 31
Let d = 516 + 73. List the prime factors of d.
19, 31
Let j(m) = -m**3 + m**2 + 2*m + 5. Let d be j(0). Suppose -4*w + 2*w + 406 = 4*l, l - d*w - 129 = 0. What are the prime factors of l?
2, 13
Suppose 2*z = 6*z - 124. Let k = 57 - z. List the prime factors of k.
2, 13
Suppose -2*k + l = k - 88, -l = 1. Suppose -3*d + 431 - k = 0. List the prime factors of d.
2, 67
Let w(y) = 4*y**3 + y**2 + 536. List the prime factors of w(0).
2, 67
Let l = 15936 + -10503. List the prime factors of l.
3, 1811
Suppose 6*f - 1494 = 2220. List the prime factors of f.
619
Suppose 3*d = 5*d - 20. Suppose -d = -4*w - w. What are the prime factors of w?
2
Suppose 14251 = 80*u - 224629. What are the prime factors of u?
2, 1493
Let h be -5*(-2 - -3)*1. Let y(c) = 2*c**2 + 2. Let z be y(h). Let b = z - -6. List the prime factors of b.
2, 29
Let v(w) = -1. Let u(y) = -16*y - 4. Let h(g) = u(g) + 4*v(g). Let q be 1/2*16/(-2). What are the prime factors of h(q)?
2, 7
Suppose 0 = 4*q - 3*i - 1472 - 1814, -5*i - 3282 = -4*q. List the prime factors of q.
823
Let u = 3 + -3. Suppose -f + 11 - 7 = u. List the prime factors of f.
2
Let i be 7/224*8 - (-6)/8. What are the prime factors of i/8 + (5661/24 - 1)?
5, 47
Let c(k) = 24*k + 157. What are the prime factors of c(5)?
277
Let n be ((-11)/(-2))/((-7)/14). Let x = -10 + n. List the prime factors of 408/21 - 12/x.
2, 5
Suppose 6*x - 3*x - 93 = 0. Suppose x*o = 30*o + 92. What are the prime factors of o?
2, 23
Suppose 20 = 6*s + 8. What are the prime factors of s*62 - (-19 - -18)?
5
Let q = 583 - -4904. List the prime factors of q.
3, 31, 59
Let o = 387 + -278. List the prime factors of o.
109
Let l be (7 - 5)/(4/14). Suppose y + 10 = 5*g, 5*g - 3 = 5*y + l. Suppose 0 = -b - g*b + 93. List the prime factors of b.
31
Let t = 233 + 164. Let v = -229 + t. What are the prime factors of v?
2, 3, 7
What are the prime factors of ((-408)/(-2) - -3) + (-21 - -17)?
7, 29
Let o(y) = -y**3 - 6*y**2 + 3*y - 6. Let x be o(-7). Let k = x - 10. What are the prime factors of k/(-6)*46/(-4)?
23
Let n(r) = r**3 + r**2 - r + 685. List the prime factors of n(0).
5, 137
Suppose -4*b - 2*c = -1792, -4*c + 344 = 2*b - 558. What are the prime factors of b?
3, 149
Let r be -98 + 0/(-1 - 0) + -4. Let q = -52 - r. List the prime factors of q.
2, 5
List the prime factors of ((-170)/(-25))/(14/1645).
17, 47
Suppose 0 = j + j. Let f(o) = -o**2 + o + 12. Let k be f(j). Suppose -v + 6*r - k = r, 0 = v + 5*r - 18. List the prime factors of v.
3
Let x(r) = -2*r**3 + 0*r - 1 + 3*r**3 - 5*r - 2*r**2. Let l = -61 + 65. List the prime factors of x(l).
11
Suppose -3184 = 9*v - 33694. List the prime factors of v.
2, 3, 5, 113
Let b(k) = -k + 2 - 24*k - 1 - 8*k. What are the prime factors of b(-2)?
67
Let g = -3691 - -5858. What are the prime factors of g?
11, 197
Let c(b) be the first derivative of 11/3*b**3 - 3/2*b**2 - 8 + 3*b. List the prime factors of c(2).
41
List the prime factors of (-60)/(306/180 + (-4)/2).
2, 5
Let t = -7 + 4. What are the prime factors of ((-6)/t - 3)*(-128 - 3)?
131
Let r = 144 + -99. Let y = r + 14. List the prime factors of y.
59
Let v = 2366 - 1017. List the prime factors of v.
19, 71
Suppose 2*s - 2*l = 4*s - 4806, -4*s - 2*l + 9602 = 0. List the prime factors of s.
2, 11, 109
Let b(x) = 5*x**2 - x + 17. Let d be (-8 + 4)*(1 + -2). List the prime factors of b(d).
3, 31
Let v be 3 + 1*(-1 + -4). Let k = 9 - 6. List the prime factors of 0 - (k + v)*-33.
3, 11
Let b be 3 + (4/(-8) - (-10)/(-4)). Suppose 0 = -b*o - o + 56. List the prime factors of o.
2, 7
Let k(z) be the first derivative of -z**2/2 + 44*z - 4. Let x(p) = -p - 5. Let d be x(-5). What are the prime factors of k(d)?
2, 11
Let t(o) = -o**2 - 13*o + 4. Suppose 0*c + 18 = 2*c. Suppose c*d - 12 = 11*d. List the prime factors of t(d).
2, 23
Suppose -4*t + 20355 = -10*a + 7*a, -5*a + 20379 = 4*t. List the prime factors of t.
3, 1697
Suppose -37*m + 24301 = -11774. List the prime factors of m.
3, 5, 13
Let r = 1487 - 1127. What are the prime factors of r?
2, 3, 5
Let f(q) = -q**2 + 6*q - 6. Let d be f(3). Let v(g) = 11 + 6*g**3 + 10*g**2 - 12*g - 13*g**3 + 6*g**d. What are the prime factors of v(8)?
43
Let s(n) = 3*n + 29. Let y be s(-10). List the prime factors of (y - -15)*44/16*2.
7, 11
Suppose 0 = 3*g + 2*g. Let b be (-1 - g)/(5/10). What are the prime factors of 18/b*28/(-12)?
3, 7
Let r(y) be the third derivative of y**4/24 - 2*y**3/3 - 3*y**2. Let h be r(16). Suppose b + 5 - h = 0. What are the prime factors of b?
7
Let b(g) = -2 + 2 + 7*g - g**2 + 1 - 2. Let l be b(5). Let c(i) = 2*i - 5. What are the prime factors of c(l)?
13
Suppose -81*k = -101*k + 9980. What are the prime factors of k?
49